 common factor of o and a?
2
Let b be (-4 + 3 + 0)*-2. Let z be (-32)/48*((-35)/b - -1). What is the greatest common divisor of 11 and z?
11
Suppose 0 = -3*f - 3*a + 300, 104 = -4*f - 5*a + 505. Calculate the highest common divisor of 88 and f.
11
Suppose 24*k = 19*k + 1015. Calculate the greatest common factor of k and 58.
29
Let v = 97 - 34. Suppose 0 = -4*q + 2*q + 42. Calculate the greatest common divisor of q and v.
21
Suppose -p = -3*p + 4. Suppose 4*o - 32 = h, -4*h + p*h = -o + 50. Let i be (-304)/h + (-2)/3. Calculate the greatest common divisor of i and 30.
6
Suppose 0 = -c + 2 + 6. Suppose 7 = c*s - 33. Suppose w = s*a + 46, 3*w + 0*a = 5*a + 118. Calculate the highest common factor of 4 and w.
4
Let b be 36/(-9) - (-7 + 1). Suppose -50 = -c - o - 12, -b*o = -5*c + 155. Calculate the highest common factor of c and 3.
3
Let h = -21 - -35. Suppose -240 + 30 = -3*m. Let b be 310/m - 6/h. Calculate the greatest common factor of 36 and b.
4
Let b = 34 + -33. Let n = 20 + -11. Suppose i + n = 2*i. What is the greatest common divisor of b and i?
1
Let a = 26 + 60. Suppose 0 = -4*p - a + 294. Calculate the highest common divisor of p and 130.
26
Let b(c) = -34*c + 518. Let u be b(11). Calculate the greatest common factor of u and 96.
48
Let u(g) = -28*g - 16. Let o be u(-1). Calculate the greatest common divisor of 15 and o.
3
Let m be (4/(4*-4))/((-5)/120). What is the greatest common factor of 780 and m?
6
Let p(i) = -38*i. Let m be p(1). Let v = m + 42. What is the highest common divisor of v and 2?
2
Suppose -x + 2*x - 220 = 0. Suppose -g + 3*g + 3*m = 32, -3*g - 5*m = -46. What is the highest common factor of x and g?
22
Let b = 275 + -181. Suppose h = 2*k - b, -5*h + 1 + 9 = 0. What is the highest common factor of k and 6?
6
Let a(b) = -b**3 - b**2 - b - 8. Let h be a(-4). Calculate the highest common divisor of h and 4.
4
Suppose 17*n = -3*n + 22000. Calculate the highest common factor of n and 44.
44
Suppose -11 = -t - g, 9*g - 13*g - 19 = -5*t. Calculate the highest common divisor of 2 and t.
1
Let b be ((-3402)/135)/((-4)/50). What is the highest common divisor of 70 and b?
35
Suppose p + p = 3*v + 10, -5*p = -10. Let c be v/7 - (-276)/84. Let x be 6/(((-2)/7)/(8/(-56))). What is the greatest common factor of c and x?
3
Let z(v) = -33*v. Let u be z(-3). Suppose 199*b - 3*j = 201*b - 108, -3*b + 3*j + 222 = 0. Calculate the highest common divisor of b and u.
33
Suppose 609 + 111 = 5*x. Calculate the highest common divisor of x and 64.
16
Let z = -244 - -524. Calculate the highest common divisor of 56 and z.
56
Let u be 1400/(-14)*1/(-2). Calculate the highest common factor of 1150 and u.
50
Let q(l) = -l**3 - 9*l**2 + 7*l + 45. Let s be q(-10). Calculate the greatest common factor of 100 and s.
25
Let u(g) = g - 36. Let r be u(15). Suppose 2*o = 2*f + 2*f + 42, 0 = 4*o - 4*f - 96. Let j = o + r. Calculate the greatest common divisor of j and 54.
6
Let i be (-2 + 1 - -1)*1. Suppose -2*v + 1 + 3 = i. Suppose -4*p + 5*u + 78 = 29, -v = 2*u. What is the greatest common divisor of p and 77?
11
Let i be (-1)/(-3) - 2 - (-389)/3. Calculate the greatest common factor of i and 16.
16
Let k(d) = -318*d + 904. Let u be k(-5). What is the greatest common divisor of 58 and u?
58
Let g = 3 + 1. Suppose 0 = -g*r - 5 + 65. Calculate the greatest common factor of r and 150.
15
Let c(f) = f**3 - 4*f**2 - 11*f + 46. Let h be c(7). What is the highest common factor of h and 203?
29
Let l(g) = -g**3 + 110. Let f be l(0). Let s(c) = c**2 - 19*c - 32. Let w be s(21). What is the greatest common divisor of f and w?
10
Let f be (6/(-8))/(666/(-23088)). Calculate the highest common factor of f and 1989.
13
Suppose f = 4*n + 19 - 66, 3*n = -3*f + 39. What is the greatest common divisor of 30 and n?
6
Let i(m) = 3*m**2 + 14*m - 93. Let b be i(6). Calculate the highest common factor of b and 12.
3
Let l(q) = -161*q - 417. Let w be l(-8). Calculate the greatest common factor of 67 and w.
67
Suppose 0 = -9*s + 4*s. Let z = 4 - s. Suppose -z*v - 4*a = -32, 5*v = 5*a + 29 + 51. What is the greatest common factor of v and 60?
12
Let a(j) = j**2 + j. Let s be a(-3). Suppose -3*v - 3 = 0, 7*p + 3*v - 19 = s*p. Suppose -2*c + 55 = -55. What is the greatest common divisor of p and c?
11
Let t be (9 - 3)*(-1)/(-1). Let s be (-1)/((8/t)/(-4)). Suppose -2*x + 135 = 3*x. Calculate the highest common factor of x and s.
3
Let b be (-28)/5*840/(-16). Let w be ((-56)/2)/(14/(-21)). What is the highest common divisor of b and w?
42
Let w = -1071 + 1295. Calculate the highest common factor of w and 176.
16
Let c(t) = 4*t - 12. Let w be c(12). Suppose -2*g + 4 + 2 = 2*l, -g = 5*l + 13. Suppose -g = 2*q - 43. Calculate the greatest common factor of q and w.
18
Suppose 13*g - 16*g + 69 = 0. Let a = g + -20. What is the highest common factor of a and 3?
3
Let s be (108/16)/(2/8). Let l = s - 5. What is the greatest common divisor of 66 and l?
22
Let v be (-2)/(-6) + 5*2508/180. Let z be (-4)/(-10)*(24 + 1). Calculate the highest common divisor of z and v.
10
Suppose -5*m = -0*m - 2*d + 2300, -2*m + 2*d = 920. Let a be (-10)/2*m/50. What is the greatest common factor of a and 115?
23
Suppose 9*k - 9 = 6*k. Calculate the greatest common factor of 96 and k.
3
Suppose 3*o = 2*q + 94, 7*q = 5*o + 12*q - 115. Let s be (-154)/4*(-6 - -2). What is the highest common divisor of s and o?
14
Let m = 76 + -72. Suppose 3*b - 2*b - 62 = -3*c, 0 = c - m*b - 12. What is the greatest common divisor of 8 and c?
4
Suppose 0 = -0*h + 2*h - 4. Suppose h*r = -0*r - 4. Let u be (-20)/(-2) + (-6)/r. What is the greatest common factor of u and 104?
13
Let t = -108 + 134. Let m be (-103 - 1)*4/(-8). Calculate the highest common divisor of m and t.
26
Suppose -5*h + 3*q = -q - 27, 3*q + 9 = 0. Suppose -2*t + 3*x - 4*x = -1060, 5*t - 2652 = -h*x. Calculate the highest common factor of 48 and t.
48
Suppose 0 = 3*z - 13 - 8. Let o(n) = -n**2 + 8*n - 8. Let i be 175/63 + 4/18 - -2. Let x be o(i). Calculate the greatest common divisor of z and x.
7
Let j = 10 + 34. Let p be ((-242)/33)/(18/(-81)). What is the greatest common divisor of j and p?
11
Let g(b) be the first derivative of -53*b**2/2 + 6*b + 1. Let a be g(-7). Let z = 561 - a. What is the greatest common factor of 23 and z?
23
Suppose -17*i = -22*i + 100. Let d(w) = 179*w**2 + 1. Let n be d(-1). Calculate the greatest common factor of i and n.
20
Suppose -25*k + 26*k - 897 = 0. Suppose 4*j - t - 1178 = 4*t, -k = -3*j - 3*t. Calculate the greatest common factor of j and 33.
33
Let i be 80 - 5*(-2 - 0). Calculate the greatest common divisor of 54 and i.
18
Let w = 895 - 903. Let k(g) = -7*g + 1 + 0 - 5. Let h be k(w). What is the highest common divisor of 13 and h?
13
Let z(q) = 53*q**3 + q**2. Let k be z(1). Let n = -40 + 43. Suppose -n*m = -3*i + 10 + 17, -i - m + 3 = 0. Calculate the highest common factor of k and i.
6
Let r = -339 - -375. Calculate the highest common factor of 612 and r.
36
Let g = -4 - -8. Let s be g/(-10) + (-1360)/(-25). Let d = 248 - 113. What is the highest common divisor of d and s?
27
Let n(k) = -15*k**2 + 3*k. Let z be n(2). Let h be (2/3)/((-2)/z). Suppose 0 = -3*v + 104 + 4. Calculate the highest common factor of v and h.
18
Let s = 195 + -189. Calculate the greatest common divisor of s and 96.
6
Let k be (-8)/(-6) + (-370)/3. Let i = 353 + k. Let p(j) = -j**3 - 4*j**2 - 2*j - 2. Let q be p(-5). Calculate the highest common divisor of i and q.
33
Suppose -6*t + 5*t + 14 = 0. Let f(j) = 77*j + 2. Let q be f(-1). Let w = -19 - q. What is the greatest common divisor of t and w?
14
Let x(h) = -h**2 - 21*h - 11. Let t be x(-20). Suppose 4*r = -12, -4*k + t*k - 5*r = 25. What is the greatest common factor of k and 4?
2
Suppose -5*a = 5*s + 100, 0*s + s + 40 = 4*a. Let o = -18 - s. Suppose -u = -o*u + 165. What is the greatest common divisor of u and 11?
11
Suppose -17 = h + 9. Let t = -943 - -981. Let n = t + h. What is the greatest common divisor of n and 132?
12
Suppose 3*i + 53*i = 1232. Calculate the highest common factor of 1298 and i.
22
Let c(w) = -22*w - 12. Let o be c(-4). Calculate the highest common divisor of 4 and o.
4
Let f = 708 - 512. Suppose -54 = -4*j + 282. Suppose -j = -2*x - x. What is the highest common f